 by 45?
7
Calculate the remainder when 11323 is divided by 125.
73
Calculate the remainder when 16220 is divided by 1445.
325
Calculate the remainder when 440 is divided by 242.
198
Calculate the remainder when 33163 is divided by 158.
141
What is the remainder when 91286 is divided by 30?
26
What is the remainder when 33179 is divided by 17?
12
Calculate the remainder when 24191 is divided by 2006.
119
What is the remainder when 6790 is divided by 93?
1
What is the remainder when 66812 is divided by 83?
80
What is the remainder when 42499 is divided by 21249?
1
What is the remainder when 43651 is divided by 8716?
71
Calculate the remainder when 6999 is divided by 198.
69
What is the remainder when 48798 is divided by 218?
184
What is the remainder when 1452788 is divided by 27?
26
Calculate the remainder when 3878 is divided by 848.
486
What is the remainder when 41937 is divided by 10483?
5
Calculate the remainder when 1034 is divided by 999.
35
Calculate the remainder when 49639 is divided by 629.
577
Calculate the remainder when 107 is divided by 95.
12
What is the remainder when 17803 is divided by 87?
55
Calculate the remainder when 40255 is divided by 213.
211
What is the remainder when 6709 is divided by 340?
249
Calculate the remainder when 5989 is divided by 462.
445
What is the remainder when 21009 is divided by 637?
625
What is the remainder when 26687 is divided by 79?
64
What is the remainder when 3769529 is divided by 2031?
2024
What is the remainder when 964564 is divided by 12?
4
What is the remainder when 10413 is divided by 520?
13
Calculate the remainder when 130822 is divided by 5946.
10
What is the remainder when 20246 is divided by 413?
9
Calculate the remainder when 1965 is divided by 93.
12
Calculate the remainder when 34294 is divided by 95.
94
Calculate the remainder when 82320 is divided by 27422.
54
What is the remainder when 68401 is divided by 1309?
333
Calculate the remainder when 1047198 is divided by 68.
66
Calculate the remainder when 1684 is divided by 99.
1
Calculate the remainder when 6259 is divided by 2082.
13
Calculate the remainder when 6876890 is divided by 251.
243
Calculate the remainder when 11472 is divided by 27.
24
Calculate the remainder when 1006 is divided by 981.
25
What is the remainder when 8659 is divided by 103?
7
Calculate the remainder when 1745110 is divided by 4155.
10
Calculate the remainder when 24141 is divided by 23.
14
What is the remainder when 13495 is divided by 6739?
17
Calculate the remainder when 7165 is divided by 146.
11
Calculate the remainder when 3395 is divided by 55.
40
Calculate the remainder when 12770 is divided by 51.
20
Calculate the remainder when 15219 is divided by 129.
126
Calculate the remainder when 3514 is divided by 351.
4
What is the remainder when 55776 is divided by 1300?
1176
What is the remainder when 299521 is divided by 31?
30
Calculate the remainder when 5044 is divided by 16.
4
What is the remainder when 84937 is divided by 28291?
64
What is the remainder when 910 is divided by 123?
49
Calculate the remainder when 251325 is divided by 154.
151
Calculate the remainder when 3029 is divided by 727.
121
What is the remainder when 17019 is divided by 304?
299
Calculate the remainder when 9894 is divided by 30.
24
What is the remainder when 321657 is divided by 38?
25
Calculate the remainder when 46995 is divided by 42.
39
What is the remainder when 2786 is divided by 2745?
41
Calculate the remainder when 2965 is divided by 1378.
209
Calculate the remainder when 38201 is divided by 4.
1
What is the remainder when 922997 is divided by 1000?
997
Calculate the remainder when 121458 is divided by 23.
18
Calculate the remainder when 8787 is divided by 196.
163
What is the remainder when 61533 is divided by 48?
45
Calculate the remainder when 62320 is divided by 5185.
100
Calculate the remainder when 3653 is divided by 722.
43
What is the remainder when 1709 is divided by 107?
104
What is the remainder when 282737 is divided by 219?
8
Calculate the remainder when 68039 is divided by 120.
119
Calculate the remainder when 3457 is divided by 64.
1
Calculate the remainder when 129396 is divided by 9953.
7
Calculate the remainder when 36773 is divided by 18346.
81
What is the remainder when 46541 is divided by 7756?
5
Calculate the remainder when 2407 is divided by 40.
7
Calculate the remainder when 163 is divided by 145.
18
What is the remainder when 9193 is divided by 89?
26
What is the remainder when 10636 is divided by 7645?
2991
Calculate the remainder when 23459 is divided by 165.
29
What is the remainder when 50088 is divided by 8348?
0
Calculate the remainder when 10284 is divided by 934.
10
What is the remainder when 20869 is divided by 564?
1
Calculate the remainder when 102716 is divided by 638.
636
What is the remainder when 7088 is divided by 174?
128
What is the remainder when 70113 is divided by 2689?
199
Calculate the remainder when 1065067 is divided by 75.
67
What is the remainder when 26524 is divided by 96?
28
What is the remainder when 12061 is divided by 116?
113
What is the remainder when 3040 is divided by 144?
16
What is the remainder when 468 is divided by 79?
73
What is the remainder when 352156 is divided by 50303?
35
Calculate the remainder when 71872 is divided by 297.
295
Calculate the remainder when 33317 is divided by 29.
25
What is the remainder when 13852 is divided by 2764?
32
Calculate the remainder when 64429 is divided by 2684.
13
What is the remainder when 46366 is divided by 10?
6
What is the remainder when 227036 is divided by 330?
326
What is the remainder when 4285 is divided by 2070?
145
What is the remainder when 27838 is divided by 240?
238
What is the remainder when 10705 is divided by 170?
165
What is the remainder when 7814 is divided by 22?
4
What is the remainder when 13924 is divided by 1230?
394
What is the remainder when 1518 is divided by 141?
108
What is the remainder when 31030 is divided by 12?
10
Calculate the remainder when 14148 is divided by 33.
24
What is the remainder when 1832 is divided by 272?
200
Calculate the remainder when 34261 is divided by 8563.
9
What is the remainder when 1005 is divided by 492?
21
Calculate the remainder when 17667 is divided by 2236.
2015
What is the remainder when 3340 is divided by 420?
400
Calculate the remainder when 3110 is divided by 576.
230
Calculate the remainder when 64419 is divided by 64415.
4
What is the remainder when 19331 is divided by 73?
59
Calculate the remainder when 344859 is divided by 17.
14
Calculate the remainder when 460570 is divided by 547.
543
What is the remainder when 74593 is divided by 304?
113
Calculate the remainder when 110609 is divided by 41.
32
What is the remainder when 203677 is divided by 134?
131
Calculate the remainder when 34258 is divided by 35.
28
What is the remainder when 14363 is divided by 39?
11
What is the remainder when 8740 is divided by 324?
316
Calculate the remainder when 6428 is divided by 429.
422
What is the remainder when 95973 is divided by 516?
513
Calculate the remainder when 198376 is divided by 22041.
7
What is the remainder when 232131 is divided by 47?
45
What is the remainder when 201819 is divided by 60?
39
What is the remainder when 465 is divided by 463?
2
What is the remainder when 46699 is divided by 2122?
15
What is the remainder when 4111 is divided by 21?
16
What is the remainder when 419700 is divided by 209850?
0
Calculate the remainder when 15243 is divided by 1953.
1572
What is the remainder when 18334 is divided by 1660?
74
Calculate the remainder when 5450 is divided by 71.
54
What is the remainder when 2017 is divided by 263?
176
Calculate the remainder when 17923 is divided by 1501.
1412
What is the remainder when 1137 is divided by 377?
6
Calculate the remainder when 1676 is divided by 26.
12
Calculate the remainder when 13359 is divided by 1094.
231
What is the remainder when 646 is divided by 42?
16
What is the remainder when 1071208 is divided by 267800?
8
Calculate the remainder when 163875 is divided by 81923.
29
Calculate the remainder when 3798 is divided by 152.
150
Calculate the remainder when 44155 is divided by 28.
27
Calculate the remainder when 17216 is divided by 